{"id":88,"date":"2026-01-26T18:07:20","date_gmt":"2026-01-26T18:07:20","guid":{"rendered":"https:\/\/oekologiedergeister.de\/?page_id=88"},"modified":"2026-01-26T18:07:20","modified_gmt":"2026-01-26T18:07:20","slug":"datenschutz","status":"publish","type":"page","link":"https:\/\/oekologiedergeister.de\/index.php\/datenschutz\/","title":{"rendered":"Datenschutz"},"content":{"rendered":"<p>[et_pb_section fb_built=&#8220;1&#8243; theme_builder_area=&#8220;post_content&#8220; _builder_version=&#8220;4.27.5&#8243; _module_preset=&#8220;default&#8220;][et_pb_row _builder_version=&#8220;4.27.5&#8243; _module_preset=&#8220;default&#8220; theme_builder_area=&#8220;post_content&#8220; hover_enabled=&#8220;0&#8243; sticky_enabled=&#8220;0&#8243;][et_pb_column _builder_version=&#8220;4.27.5&#8243; _module_preset=&#8220;default&#8220; type=&#8220;4_4&#8243; theme_builder_area=&#8220;post_content&#8220;][et_pb_text _builder_version=&#8220;4.27.5&#8243; _module_preset=&#8220;default&#8220; theme_builder_area=&#8220;post_content&#8220; hover_enabled=&#8220;0&#8243; sticky_enabled=&#8220;0&#8243;]<\/p>\n<h1>Datenschutzerkl\u00e4rung<\/h1>\n<ol>\n<li><strong> Datenschutz auf einen Blick<\/strong><\/li>\n<\/ol>\n<p><strong>Allgemeine Hinweise<\/strong><\/p>\n<p>Die folgenden Hinweise geben einen einfachen \u00dcberblick dar\u00fcber, was mit Ihren personenbezogenen Daten passiert, wenn Sie unsere Website besuchen. Personenbezogene Daten sind alle Daten, mit denen Sie pers\u00f6nlich identifiziert werden k\u00f6nnen. \u00a0<\/p>\n<p><strong>Datenerfassung auf dieser Website<\/strong><\/p>\n<p><strong>Wer ist verantwortlich f\u00fcr die Datenerfassung auf dieser Website?<\/strong> Die Datenverarbeitung auf dieser Website erfolgt durch den Websitebetreiber. Die Kontaktdaten k\u00f6nnen Sie dem Impressum dieser Website entnehmen.<\/p>\n<p><strong>Wie erfassen wir Ihre Daten?<\/strong> Ihre Daten werden zum einen dadurch erhoben, dass Sie uns diese mitteilen. Hierbei kann es sich z. B. um Daten handeln, die Sie in ein Kontaktformular eingeben. Andere Daten werden automatisch oder nach Ihrer Einwilligung beim Besuch der Website durch unsere IT-Systeme erfasst (z. B. Internetbrowser, Betriebssystem oder Uhrzeit des Seitenaufrufs).<\/p>\n<ol start=\"2\">\n<li><strong> Allgemeine Hinweise und Pflichtinformationen<\/strong><\/li>\n<\/ol>\n<p><strong>Datenschutz<\/strong><\/p>\n<p>Die Betreiber dieser Seiten nehmen den Schutz Ihrer pers\u00f6nlichen Daten sehr ernst. Wir behandeln Ihre personenbezogenen Daten vertraulich und entsprechend den gesetzlichen Datenschutzvorschriften sowie dieser Datenschutzerkl\u00e4rung.<\/p>\n<p><strong>Hinweis zur verantwortlichen Stelle<\/strong><\/p>\n<p>Die verantwortliche Stelle f\u00fcr die Datenverarbeitung auf dieser Website ist:<\/p>\n<p><strong>Projekt \u201e\u00d6kologie der Geister\u201c<\/strong> J\u00f6rg Wagner<\/p>\n<p>E-Mail: joerg.wagner@kunst.uni-giessen.de<\/p>\n<ol start=\"3\">\n<li><strong> Datenerfassung auf dieser Website<\/strong><\/li>\n<\/ol>\n<p><strong>Cookies<\/strong><\/p>\n<p>Unsere Website verwendet so genannte \u201eCookies\u201c. Das sind kleine Textdateien, die auf Ihrem Endger\u00e4t gespeichert werden. Sie richten keinen Schaden an. Wir nutzen sie, um unser Angebot nutzerfreundlicher zu gestalten. Die meisten der von uns verwendeten Cookies sind \u201eSession-Cookies\u201c, die nach Ende Ihres Besuchs automatisch gel\u00f6scht werden.<\/p>\n<p><strong>Server-Log-Dateien<\/strong><\/p>\n<p>Der Provider der Seiten erhebt und speichert automatisch Informationen in so genannten Server-Log-Dateien, die Ihr Browser automatisch an uns \u00fcbermittelt. Dies sind: \u00a0<\/p>\n<ul>\n<li>Browsertyp und Browserversion \u00a0<\/li>\n<li>Verwendetes Betriebssystem \u00a0<\/li>\n<li>Referrer URL \u00a0<\/li>\n<li>Hostname des zugreifenden Rechners \u00a0<\/li>\n<li>Uhrzeit der Serveranfrage \u00a0<\/li>\n<li>IP-Adresse \u00a0<\/li>\n<\/ul>\n<p>Diese Daten sind technisch notwendig, um die Website stabil und sicher anzuzeigen.<\/p>\n<p><strong>Kontaktformular \/ E-Mail-Kontakt<\/strong><\/p>\n<p>Wenn Sie uns per Kontaktformular oder E-Mail Anfragen zukommen lassen, werden Ihre Angaben aus dem Anfrageformular inklusive der von Ihnen dort angegebenen Kontaktdaten zwecks Bearbeitung der Anfrage und f\u00fcr den Fall von Anschlussfragen bei uns gespeichert. Diese Daten geben wir nicht ohne Ihre Einwilligung weiter. \u00a0<\/p>\n<ol start=\"4\">\n<li><strong> Rechte der betroffenen Person<\/strong><\/li>\n<\/ol>\n<p>Sie haben im Rahmen der geltenden gesetzlichen Bestimmungen jederzeit das Recht auf:<\/p>\n<ul>\n<li><strong>Auskunft<\/strong> \u00fcber Ihre gespeicherten personenbezogenen Daten.<\/li>\n<li><strong>Berichtigung<\/strong> unrichtiger Daten oder <strong>L\u00f6schung<\/strong> Ihrer Daten.<\/li>\n<li><strong>Einschr\u00e4nkung der Verarbeitung<\/strong> Ihrer Daten.<\/li>\n<li><strong>Daten\u00fcbertragbarkeit<\/strong>.<\/li>\n<li><strong>Widerruf<\/strong> Ihrer bereits erteilten Einwilligung zur Datenverarbeitung.<\/li>\n<\/ul>\n<p>Bitte wenden Sie sich hierzu formlos per E-Mail an uns.<\/p>\n<ol start=\"5\">\n<li><strong> Hosting<\/strong><\/li>\n<\/ol>\n<p>Unsere Website wird bei einem externen Dienstleister gehostet (Hoster). Die personenbezogenen Daten, die auf dieser Website erfasst werden, werden auf den Servern des Hosters gespeichert. <strong>Hoster: Netzlaboranten Gie\u00dfen<\/strong><\/p>\n<p>[\/et_pb_text][\/et_pb_column][\/et_pb_row][\/et_pb_section]<\/p>\n","protected":false},"excerpt":{"rendered":"<p>Datenschutzerkl\u00e4rung Datenschutz auf einen Blick Allgemeine Hinweise Die folgenden Hinweise geben einen einfachen \u00dcberblick dar\u00fcber, was mit Ihren personenbezogenen Daten passiert, wenn Sie unsere Website besuchen. Personenbezogene Daten sind alle Daten, mit denen Sie pers\u00f6nlich identifiziert werden k\u00f6nnen. \u00a0 Datenerfassung auf dieser Website Wer ist verantwortlich f\u00fcr die Datenerfassung auf dieser Website? Die Datenverarbeitung auf [&hellip;]<\/p>\n","protected":false},"author":2,"featured_media":0,"parent":0,"menu_order":0,"comment_status":"closed","ping_status":"closed","template":"","meta":{"_et_pb_use_builder":"on","_et_pb_old_content":"<!-- wp:divi\/placeholder \/-->","_et_gb_content_width":"","footnotes":""},"class_list":["post-88","page","type-page","status-publish","hentry"],"_links":{"self":[{"href":"https:\/\/oekologiedergeister.de\/index.php\/wp-json\/wp\/v2\/pages\/88","targetHints":{"allow":["GET"]}}],"collection":[{"href":"https:\/\/oekologiedergeister.de\/index.php\/wp-json\/wp\/v2\/pages"}],"about":[{"href":"https:\/\/oekologiedergeister.de\/index.php\/wp-json\/wp\/v2\/types\/page"}],"author":[{"embeddable":true,"href":"https:\/\/oekologiedergeister.de\/index.php\/wp-json\/wp\/v2\/users\/2"}],"replies":[{"embeddable":true,"href":"https:\/\/oekologiedergeister.de\/index.php\/wp-json\/wp\/v2\/comments?post=88"}],"version-history":[{"count":3,"href":"https:\/\/oekologiedergeister.de\/index.php\/wp-json\/wp\/v2\/pages\/88\/revisions"}],"predecessor-version":[{"id":112,"href":"https:\/\/oekologiedergeister.de\/index.php\/wp-json\/wp\/v2\/pages\/88\/revisions\/112"}],"wp:attachment":[{"href":"https:\/\/oekologiedergeister.de\/index.php\/wp-json\/wp\/v2\/media?parent=88"}],"curies":[{"name":"wp","href":"https:\/\/api.w.org\/{rel}","templated":true}]}}